e1 + -11c7?
-12a8
In base 12, what is 5 - 3725?
-3720
In base 4, what is 1201 + -311?
230
In base 6, what is 5 + -43042103?
-43042054
In base 9, what is 226 + 77?
314
In base 4, what is -11 - 1332132301?
-1332132312
In base 5, what is -2241144204 + -3?
-2241144212
In base 4, what is 210130223 + 3?
210130232
In base 15, what is -5 - -1b74?
1b6e
In base 2, what is -100101010111001010 + 100?
-100101010111000110
In base 7, what is 152 - 34?
115
In base 11, what is 4428 - 34?
43a4
In base 11, what is 4992 + -2?
4990
In base 11, what is -4a3966 + -4?
-4a396a
In base 7, what is -10103 + 342?
-6431
In base 8, what is -57213 + -1?
-57214
In base 3, what is 212211122 - 22?
212211100
In base 12, what is 1 - -8479?
847a
In base 16, what is 11 - -167?
178
In base 4, what is -3 + 1232001221?
1232001212
In base 14, what is 15 - -2ca?
301
In base 10, what is 1652 + 25?
1677
In base 6, what is 3050 - 2001?
1045
In base 16, what is 1f8a9 - 12?
1f897
In base 4, what is 1211 + -2321?
-1110
In base 14, what is 88 + 35b?
405
In base 13, what is -1998 - -6?
-1992
In base 3, what is -2201 - -21211?
12010
In base 13, what is 0 + 572a?
572a
In base 9, what is 583 - 10415?
-8722
In base 15, what is 629 + -1?
628
In base 9, what is 51 - 364?
-313
In base 8, what is -5 + -141540?
-141545
In base 3, what is 2 + 1011010222?
1011011001
In base 11, what is 1210 + -816?
4a5
In base 5, what is 33 - -2243121?
2243204
In base 11, what is -3 - 8427?
-842a
In base 11, what is 5 + 318?
322
In base 15, what is a2 - 110d?
-105b
In base 14, what is -187b - 1?
-187c
In base 14, what is -77 - a?
-83
In base 8, what is -1624514 + -4?
-1624520
In base 5, what is -2 - 3300103?
-3300110
In base 2, what is -1000110100100011 + 101?
-1000110100011110
In base 13, what is -c584 - 3?
-c587
In base 15, what is 3 + 327db?
327de
In base 6, what is 4 - -5154312?
5154320
In base 10, what is 4 - 5715?
-5711
In base 11, what is 82681 + 5?
82686
In base 2, what is -111101001010 + -1110?
-111101011000
In base 8, what is -16520 - -1?
-16517
In base 6, what is -10421342 - -2?
-10421340
In base 16, what is -4 + -31a?
-31e
In base 15, what is 35b6 - 2c?
3589
In base 8, what is 424032 + 2?
424034
In base 16, what is -f6a1 + 13?
-f68e
In base 11, what is -472 + 946?
484
In base 15, what is -3a - dc3?
-e0d
In base 8, what is -27 - 346635?
-346664
In base 9, what is -510268 + 4?
-510264
In base 15, what is -7e0002 + -5?
-7e0007
In base 13, what is 18382 - -1?
18383
In base 8, what is -2521167 - 7?
-2521176
In base 14, what is 5 + -76b23?
-76b1c
In base 2, what is -1000001011110 - 110001?
-1000010001111
In base 14, what is -1a66 + -10?
-1a76
In base 13, what is -3b185 + 5?
-3b180
In base 4, what is -1310 + -11122?
-13032
In base 13, what is 6 - -10114?
1011a
In base 15, what is 7 - -e18?
e20
In base 5, what is 2 - 403123324?
-403123322
In base 12, what is 1 + -5087?
-5086
In base 5, what is -1321 + -324?
-2200
In base 3, what is -1000012021 - -2?
-1000012012
In base 10, what is 275801 - 5?
275796
In base 6, what is 22 - -314?
340
In base 7, what is 2 + -200165?
-200163
In base 7, what is 0 - 114?
-114
In base 4, what is -30 + -20232312?
-20233002
In base 8, what is 4 + -1334?
-1330
In base 2, what is -110101010110 + -101?
-110101011011
In base 8, what is -11412 + -1?
-11413
In base 13, what is 23 - -146?
169
In base 4, what is 233 - -221123?
222022
In base 13, what is 3 - -238235?
238238
In base 10, what is -787 - -43?
-744
In base 6, what is 1255504 + 1?
1255505
In base 9, what is -300 - -10448?
10148
In base 12, what is 13b7 - b6?
1301
In base 10, what is 2 + -16419?
-16417
In base 5, what is -2 + -11134431?
-11134433
In base 4, what is 130331220 - 1?
130331213
In base 16, what is b0 - 43c7?
-4317
In base 13, what is 194 - -276a?
2931
In base 4, what is 301312 + -203?
301103
In base 13, what is -6 - 57b?
-584
In base 12, what is 3 - -16698?
1669b
In base 4, what is -23000121 + 130?
-22333331
In base 4, what is -3233 - 2110?
-12003
In base 14, what is 2 - -51d97?
51d99
In base 15, what is 5c + -a5?
-48
In base 11, what is -5 + 5125?
5120
In base 6, what is 135 + -3401231?
-3401052
In base 2, what is 100 - 100100000011000111?
-100100000011000011
In base 10, what is -2 + 6592?
6590
In base 10, what is -5209 + -19?
-5228
In base 15, what is -7127 + 5?
-7122
In base 5, what is 2211 - -1120?
3331
In base 13, what is -513 + -21?
-534
In base 3, what is -1120220 - 10000111?
-11121101
In base 3, what is 0 - -1021001112?
1021001112
In base 12, what is -3411 - -6?
-3407
In base 3, what is 2 + -1002022020222?
-1002022020220
In base 4, what is -21312023 + 11?
-21312012
In base 10, what is -2628066 - 3?
-2628069
In base 16, what is 2 - -5f4?
5f6
In base 13, what is -364a5 - -1?
-364a4
In base 16, what is -4 - 46c9?
-46cd
In base 11, what is -1 - 22900?
-22901
In base 10, what is -491 + -436?
-927
In base 8, what is -61 - 4123?
-4204
In base 6, what is 24 - -1414?
1442
In base 11, what is -2 - 170275?
-170277
In base 11, what is -4a049 + 4?
-4a045
In base 6, what is -114050 - 1?
-114051
In base 6, what is -12400220 + 2?
-12400214
In base 4, what is 100221 - 3233?
30322
In base 7, what is -65 - -1524?
1426
In base 13, what is -1 + -12a65?
-12a66
In base 7, what is -231425 + 0?
-231425
In base 6, what is 141 + -44144?
-44003
In base 3, what is 1000211022 - 2120?
1000201202
In base 5, what is 111420003 - -2?
111420010
In base 11, what is 3 + 343130?
343133
In base 10, what is 62 - -98?
160
In base 8, what is -2360 + -63?
-2443
In base 5, what is -2114410 - 211?
-2120121
In base 14, what is 5 + 2d47?
2d4c
In base 11, what is -8479 - -4?
-8475
In base 3, what is -2 + -1002021111?
-1002021120
In base 9, what is -21775 - -101?
-21674
In base 9, what is 5 - -180624?
180630
In base 15, what is -4b8e - -1e?
-4b70
In base 14, what is 1c + 33b6?
33d4
In base 8, what is 14 + 7570?
7604
In base 5, what is -1433433 - -1?
-1433432
In base 4, what is -30 - 2300333?
-2301023
In base 16, what is -21dc + -1a?
-21f6
In base 11, what is -97 + -5165?
-5251
In base 11, what is 36 + -19568?
-19532
In base 16, what is 814 - 7e2?
32
In base 14, what is -1042d9 + -2?
-1042db
In base 15, what is -54a - b0?
-60a
In base 13, what is 2 + 11321b?
113220
In base 14, what is -10 + -b15c?
-b16c
In base 9, what is -3117 - 2?
-3120
In base 13, what is 0 - -18a89?
18a89
In base 3, what is -101000 - -2220002?
2112002
In base 13, what is 6aa685 + 4?
6aa689
In base 16, what is 163 + 29?
18c
In base 12, what is -7b + -194?
-253
In base 5, what is 20241020 - -40?
20241110
In base 3, what is 10 + -111202212?
-111202202
In base 5, what is 133130223 - 1?
133130222
In base 16, what is -763 - -12?
-751
In base 9, what is -74 - 1213?
-1287
In base 5, what is 411 + 22023?
22434
In base 7, what is -140012 + 2?
-140010
In base 16, what is 48 - 3ef0?
-3ea8
In base 4, what is -2220330 + 200?
-2220130
In base 10, what is -86 + -9422?
-9508
In base 4, what is 31103121 + 3?
31103130
In base 6, what is -1104515 - 5?
-1104524
In base 15, what is 2 - 13d1?
-13ce
In base 2, what is -10110001101101000 - 111?
-10110001101101111
In base 7, what is -3 + 1413645?
1413642
In base 7, what is 36 + -61202?
-61133
In base 11, what is -700 + -1670?
-2270
In base 9, what is -1333 + 51?
-1272
In base 5, what is 4220130 + -11?
4220114
In base 3, what is 10210020102 - 0?
10210020102
In base 14, what is 207975 - 1?
207974
In base 12, what is 70b - -116?
825
In base 13, what is -19446 - -3?
-19443
In base 2, what is -1110010011100001 + -11?
-1110010011100100
In base 7, what is -23 - 13144?
-13200
In base 12, what is 677 + -247?
430
In base 2, what is -101 + -1011111011100001?
-1011111011100110
In base 11, what is -70421 + 4?
-70418
In base 6, what is -3041 - 1024?
-4105
In base 12, what is -86a7 - -4?
-86a3
In base 9, what is 3860 - 1886?
1863
In base 8, what is 1231 - 6746?
-5515
In base 8, what is -20 - 222330?
-222350
In base 8, what is -271361 - 5?
-271366
In base 9, what is -568 - -178?
-380
In base 9, what is -5 - -1122612?
1122606
In base 14, what is -56 + bd?
67
In base 4, what is -1 - 3331000?
-3331001
In base 12, what is 414 + -58?
378
In base 11, what is -13 - -78851?
78839
In base 6, what is 25025 - 451?
24134
In base 14, what is 3 + -2154?
-2151
In base 11, what is -2 + -49066?
-49068
In